 4*b - 866, 5*c = 3*b + 748 + u. Calculate the remainder when c is divided by 22.
20
Let d = -185 - -202. What is the remainder when 49 is divided by d?
15
Let t(d) = -d**2 - 11*d + 2. Let c be t(-11). Suppose 0*h - c*h = -8. Suppose 113 = h*o - 43. What is the remainder when o is divided by 14?
11
Calculate the remainder when (-11420)/(-45) + (-2)/(-9) is divided by 64.
62
Let i be ((-1)/(-1))/((-8)/(-24)). Suppose i*w - 23 - 85 = 0. Suppose q = -q + w. What is the remainder when q is divided by 5?
3
Let n(q) = q + 56. Calculate the remainder when 177 is divided by n(9).
47
Let o(v) = 7*v**3 + v**2 + v + 1. Let a be o(-1). Let q be 134/11 - a/(-33). Let l = -8 + q. Calculate the remainder when l is divided by 3.
1
Let f(z) = -27*z + 195. What is the remainder when 719 is divided by f(6)?
26
Suppose -4*v + 12 = -v. Suppose -3*x - 5*d = x - 9, -v*d = 2*x. Let n(z) = 7*z - 20. What is the remainder when n(6) is divided by x?
4
What is the remainder when 11438/22 - (6 + (-603)/99) is divided by 35?
30
Suppose 0 = 35*s - 30*s - 155. What is the remainder when 461 is divided by s?
27
Let h = -747 - -1201. Calculate the remainder when h is divided by 76.
74
Suppose 10*h + 328 = 14*h. Suppose 78 = 5*s + 2*k, 5*s = -6*k + 3*k + h. Calculate the remainder when 35 is divided by s.
7
Let z be (-172)/(-36) - (-4)/18. Suppose -5*d - 4*v + 20 = v, 0 = -d + z*v - 20. Let l(n) = 2*n + 13. Calculate the remainder when 47 is divided by l(d).
8
Let j(u) = -u**3 - u + 90. Let d be j(0). Let l = d - 70. Calculate the remainder when 37 is divided by l.
17
Let m = 351 + -309. What is the remainder when m is divided by 16?
10
Suppose w - 65 = m, m = w + 3*m - 62. Let l = 39 + w. Calculate the remainder when l is divided by 8.
7
Let m be 18 - (-1)/(-1)*-2. Suppose -2*v = -5*i + 41 + 11, -m = -5*v. Let l(x) = 2*x**3 - 18*x**2 + 4*x + 9. Calculate the remainder when l(9) is divided by i.
9
Suppose -12*s + 52 = -8*s. Let f = 28 - s. What is the remainder when f is divided by 6?
3
Let y be (4 - 1) + 9/(-1). Let b(g) = g + 7. Let a be b(y). Let n = 5 + a. What is the remainder when 23 is divided by n?
5
Suppose -2*q = -9*q + 546. What is the remainder when 222 is divided by q?
66
Let h(x) = 312*x**3 - 2*x**2 - 6*x + 7. Calculate the remainder when h(1) is divided by 64.
55
Let o(g) = 2*g + 2. Let q be o(29). Suppose q*n = 65*n - 75. What is the remainder when 87 is divided by n?
12
Suppose -15 = -5*r + 2*w - 3*w, 0 = 2*r - w - 6. Suppose -8*s + 135 = -r*s. Calculate the remainder when 1468/28 - 6/14 is divided by s.
25
Let j = 33 + -58. Let y = j - -34. Let v(f) = -f**3 + 6*f**2 + 2*f. Calculate the remainder when v(5) is divided by y.
8
Let c(z) = 56*z + 1. Let n be c(1). Suppose k = 1 + n. Calculate the remainder when k is divided by 12.
10
What is the remainder when 0*(-5)/10 + 39 is divided by 9?
3
Let t = 3 + 4. Let i = 0 + 5. Calculate the remainder when t is divided by i.
2
Suppose -4*s - 16 = 0, 0*y - 4*y = 2*s - 184. Suppose -4*m - 10 = -5*j + m, -5*j - 5*m + 50 = 0. What is the remainder when y is divided by 1/j - (-2235)/90?
23
Let l(n) = 5*n**2 + 7*n + 1. Calculate the remainder when 32 is divided by l(-2).
4
Let o(p) = p**2 - 4*p + 2. Let x be o(3). Suppose -12 = -3*k, -11*a + 10*a + 16 = 3*k. Calculate the remainder when a is divided by 5 - ((-3)/x + -1).
1
Let a(i) = i**3 - 14*i**2 - 9*i - 9. Let p be a(15). Suppose -n = 5*f - 68, 2*n + f = 73 + p. What is the remainder when n is divided by 16?
14
Suppose -2*t + 0*t + 40 = 0. Let a(h) = 5*h - 3 + 2*h - 2*h. What is the remainder when t is divided by a(2)?
6
Let t(k) = k**2 + 4*k + 5. Suppose -4*b + d = 59, 0 = b - 2*d + 18 + 2. Let w = b + 18. What is the remainder when t(-4) is divided by w?
1
Let l be 1/(((-4)/4)/(-1)) - 1. Suppose -7*f + 4*f + 57 = l. Let j = -45 + 80. Calculate the remainder when j is divided by f.
16
Suppose -26*w + 52 = -24*w. Let l be (18/(-12))/((-3)/4). Calculate the remainder when -1*1/(l/(-100)) is divided by w.
24
Let q(u) = -u**3 + 5*u**2 + 5*u + 11. Let v = -5 - -7. Suppose -3*s + 2*s + 29 = -v*m, 0 = 2*s + 2*m - 28. Calculate the remainder when s is divided by q(6).
4
Let r be ((-15)/(-20))/((-3)/(-276)). Suppose 4*s - 51 = r. Let n = -13 + s. Calculate the remainder when n is divided by 9.
8
Let c = -2287 - -2300. Let a(y) = -2*y**2 + 5*y - 2. Let r be a(4). Calculate the remainder when c is divided by (-102)/r - (-4)/(-14).
6
Suppose 4*w - 3*w = 25. Calculate the remainder when (850/20 - -7)/(1/2) is divided by w.
24
Let g(l) = 2*l**2 + 9*l + 2. Let z = 4 + -10. Suppose -2*p + 94 = 4*a, 0 = 5*p - 0*a + 4*a - 211. Calculate the remainder when p is divided by g(z).
19
Let b = -8 - -4. Let f = 248 - 238. Calculate the remainder when 147/4 - 1/b is divided by f.
7
Suppose -4*a = -2*c + 4, 0*c + c + 3*a = 2. Suppose 0 = -d + c*d - 19. What is the remainder when 73 is divided by d?
16
Calculate the remainder when (5 + -21)/8 - -6 is divided by 15/12 - (-2)/(-8).
0
Suppose 8343 = 16*l + 2919. Suppose -191*q = -188*q - l. Calculate the remainder when q is divided by 40.
33
Let q be 133771/(-44) + (-3)/(-12). Calculate the remainder when q/(-30) - (-8)/(-6) is divided by 51.
49
Suppose 0 = 4*g - 2*g - 54. Let k be (-9)/g - (-172)/(-6). Let u = 52 + k. Calculate the remainder when u is divided by 6.
5
Let o = 15 - -96. What is the remainder when 330 is divided by o?
108
Suppose 2*u = -6*u - u. Suppose 101 = 4*j - 3*g, u = 6*j - 3*j + 4*g - 82. What is the remainder when j is divided by 16?
10
Let k(m) = -2*m - 1. Let g be k(-3). Suppose 3*f = t - 0*f, -t + 4*f - g = 0. Let b(a) = a**3 - a**2 + a - 24. What is the remainder when b(4) is divided by t?
13
Let j(n) = -n**3 + 11*n**2 + 2*n - 16. Let c be j(11). Let x(o) = -2 - c + o - 2 + 3*o. What is the remainder when x(8) is divided by 6?
4
Let v = -132 + 313. What is the remainder when v is divided by 41?
17
Suppose -5*w = 4*f - 7*w - 468, -3*f = -3*w - 348. Calculate the remainder when f is divided by 28.
6
What is the remainder when (119/2 - 2) + 44/(-88) is divided by 29?
28
Let n = 176 + -160. Calculate the remainder when 78 is divided by n.
14
Let a = -11 + 38. What is the remainder when a is divided by 27?
0
Let d = 1 + -1. Suppose 3*n + d*n - 75 = 0. Suppose 7615*h - 144 = 7613*h. What is the remainder when h is divided by n?
22
Let l = 311 - 50. Let a = l - 167. Calculate the remainder when a is divided by 33.
28
Let k be 9/(-6) + (-1)/2. What is the remainder when (k*1)/(4/(-64)) is divided by 948/84 - (-4)/(-14)?
10
Let w be (-15)/(-3) + 61*2. Suppose y = w - 16. Calculate the remainder when y is divided by 23.
19
Suppose 0 = -194*a + 154*a + 2000. Suppose -5*d - 4*m + 851 = 126, -3*m = -2*d + 313. What is the remainder when d is divided by a?
49
Let f = 58 - 56. Suppose 2*b = -f*b + 536. What is the remainder when b is divided by 27?
26
Suppose v - 32 = -15. Let o = v + -15. Suppose 4*s = 3*a + 67, -o*s + 5*a - 11 = -34. Calculate the remainder when 36 is divided by s.
17
Let t = -58 + 102. Suppose 5*n - 4*n - t = 0. What is the remainder when n is divided by 9?
8
Suppose 3*j - 4*j = o - 30, -150 = -5*o - 4*j. Suppose -6*z + z - o = 0. What is the remainder when 3/(z/(-38)) + 2 is divided by 12?
9
Let d(j) = 30*j - 311. What is the remainder when 342 is divided by d(12)?
48
Let w(s) = -19*s + 237. Calculate the remainder when w(8) is divided by 21.
1
Let o = -143 + 221. Let s = -58 + o. What is the remainder when 75 is divided by s?
15
Suppose -145 = -9*u + 17. What is the remainder when 1041 is divided by u?
15
Let j(o) = o - 7. Let t(q) = 1. Let c(z) = -j(z) + 6*t(z). Let s be c(9). What is the remainder when 189/36*s*1 is divided by 6?
3
Let o(a) = -62*a + 1. Suppose 0 = -2*k + 5*k + 3. Suppose -96*p = -1371 - 165. Calculate the remainder when o(k) is divided by p.
15
What is the remainder when -3 - (2928/(-12) - -2) is divided by 22?
19
Let j(o) = -o + 2. Let d = 186 + -88. Calculate the remainder when (d/(-8) - -2)*-4 is divided by j(-19).
20
Let k(f) = 41*f + 2. Let i(a) = -1. Let d(m) = 2*i(m) + k(m). Calculate the remainder when d(1) is divided by 14.
13
Suppose -3*v = p + p - 109, -p - 3*v = -47. Let q = -1781 - -1813. Calculate the remainder when p is divided by q.
30
Let f(n) = -n**3 - 4*n**2 + 3*n + 1. Let v